 10) - 6.
5
Calculate -6 - (2 + (-3 - 1)).
-4
What is (3 - 8 - -5) + 1?
1
Evaluate (2 - 1) + (44 - 50) - 5.
-10
Evaluate (2 - -2) + (47 - 49).
2
3 + 2 + (-15 - (-12 + 9))
-7
What is 4 + (-1 - -3 - 0) - 2?
4
2 + -1 - (3 + (-10 - 0))
8
What is the value of -3 + -2 + (-5 - 4 - -8)?
-6
What is the value of 2 + 2 + 3 + -3?
4
What is the value of -11 - (-16 - (5 - 13))?
-3
Calculate 9 + -3 + (-16 - -17).
7
What is the value of 0 - (1 + (-5 - -7))?
-3
What is 1 - (-2 + 5 + -3 + -3)?
4
11 + -13 + (1 + -2 - 0)
-3
What is -3 + (5 - 1) - 3?
-2
Calculate (0 - -2) + 0 + (8 - 5).
5
Evaluate -6 - (-2 + (2 - (6 - 1))).
-1
1 + (5 - (3 + -1 - -1))
3
-2 + (-1 - -3) - (5 - 1)
-4
Calculate (-5 + 1 - -4) + 1.
1
((1 - 4) + 0 - -4) + 4
5
0 + 7 + 1 + -1 + -3
4
What is the value of 8 - (12 + -10 + -4)?
10
What is -3 + (12 + 5 + -3 - 4)?
7
-28 + 31 + (1 - 0) - 1
3
Calculate 3 - (-7 + 6) - (0 + 0).
4
What is 2 + 13 - 20 - (-6 + -1)?
2
(2 - 6 - -2) + (-1 - -4)
1
Evaluate -3 - (3 + (-2 - 5)) - -2.
3
What is -8 - -17 - 3 - (16 + 1)?
-11
Evaluate (-3 - -4) + -6 + -1 + 1.
-5
(-5 - (0 - 4)) + 1 + -4
-4
What is 0 + (-3 - -6) + 3?
6
(-6 - (-13 + 7)) + -5
-5
What is the value of 3 + -5 + 1 + 0?
-1
Evaluate 3 - (5 + -3 - (1 + -1)).
1
Evaluate -10 - -10 - (3 + -3).
0
What is the value of 0 + 3 + 0 + -3 + 4?
4
Evaluate -4 + 12 - (-2 + 5 - 0).
5
What is -5 - (-5 + 2 - 6)?
4
0 - 0 - (-11 - (-13 - -5))
3
Calculate (-6 - -3) + -1 - 0.
-4
Calculate -7 + 5 + -10 + 10.
-2
Calculate (-12 - 2) + 7 + -1.
-8
What is -1 + 14 + 66 + -77?
2
What is 12 + 8 + -13 + -3 + 1?
5
What is -15 - -12 - ((-2 - 2) + -1)?
2
-7 + 1 + (6 - -1)
1
Evaluate -5 - -11 - -4 - 18.
-8
-4 + -2 + -3 - (-9 - -4)
-4
1 + 2 + 15 + -18
0
What is -4 + 9 + -4 + (8 - 11)?
-2
Evaluate -6 - (3 - (-6 + 14)).
-1
Calculate 1 - 15 - (-19 + 1).
4
Evaluate 3 + -10 + 18 + -10.
1
38 + -29 + (-1 - 4 - -1)
5
(3 + 3 + -5 - -3) + 1
5
What is 0 - (2 + 1 + -3 - 2)?
2
What is (1 - (-4 + 7)) + (-3 - -6)?
1
Calculate (1 - (3 - 4)) + 0 + 1.
3
Evaluate 1 + 3 + -1 - 7.
-4
-5 + (-1 - (-1 + 0 - 4))
-1
What is 1 + 0 + 5 + -9?
-3
What is the value of -7 - -3 - (-1 - 8 - -1)?
4
9 + -6 - -2 - 1
4
-1 + 4 - -3 - 0
6
What is 1 + -3 + 1 - (-1 - 2)?
2
(7 - 5) + -5 - -7
4
Calculate 4 - (-1 + -1 + 10 + -3).
-1
What is the value of 0 + -3 + 2 + 4?
3
8 - (13 + 0 + -4)
-1
What is -10 + (-8 - (-8 + -4))?
-6
What is the value of 4 + 4 + 4 + (-9 - -1)?
4
What is -5 - (6 - 8) - (1 + -4)?
0
Calculate 2 - (2 - 1 - 0) - -3.
4
What is 1 - (-2 + -2 + 4)?
1
Evaluate 7 + (-5 - (11 - 10)).
1
What is the value of -2 + 1 + 1 + (-114 - -121)?
7
What is (1 - -5) + 9 + -4 + -9?
2
Evaluate 1 + -1 - ((0 - -2) + 4).
-6
-26 - -34 - (-2 + 3)
7
Evaluate (-4 - -9) + -3 + 0 + 2.
4
What is -4 - (3 - 0) - (9 - 17)?
1
What is the value of (-11 - -12) + 10 - 2?
9
What is the value of (12 - 2) + 4 + -21?
-7
(2 - (6 - 1)) + 1
-2
Calculate -4 + (5 - -6) - (0 + -1).
8
What is the value of 0 + (5 - 7) + -5 + 16?
9
Calculate -4 - -1 - (10 + -1 - 10).
-2
Evaluate -2 + 1 + -4 - 0.
-5
-52 - -66 - (-1 - -5)
10
What is 7 + 11 + 6 + -29?
-5
Evaluate 5 - (8 - 2 - 6).
5
Evaluate -3 + 4 + 2 + (-14 - -17).
6
What is the value of -4 + 8 + -2 + 2 + -4?
0
What is -6 - ((5 - 0) + -5)?
-6
What is (152 - 154) + (-5 - -1) + 1?
-5
Evaluate 2 + -4 - (2 + (-4 - -2)).
-2
What is (-9 - (-2 + -3)) + -1?
-5
What is -4 + -4 - 0 - 6 - -6?
-8
What is the value of 3 - 11 - (-11 + (0 - -2))?
1
Calculate 1 - 1 - -2 - 3.
-1
66 - 66 - (2 - (2 + 0))
0
Evaluate (2 - 0) + (1 + -6 - -3).
0
4 + 0 - (5 - (0 + 3))
2
Calculate 1 - -1 - (-1 - -4).
-1
-1 + 1 + -3 + -4 + 2
-5
What is (-5 - -5) + (5 - (4 - 3))?
4
Evaluate 5 + -5 - (-1 - 2) - -1.
4
Evaluate (5 - (-10 + 13)) + -11.
-9
(6 + -5 - 8) + 0 + 7
0
What is the value of -12 + -4 + 13 - 1?
-4
Calculate 0 - -1 - 0 - (-1 - -4).
-2
What is (-5 + 6 - 4) + (2 - 1)?
-2
Evaluate -3 + -2 + -8 + 9.
-4
What is -12 + 2 + 9 + -4?
-5
Evaluate 7 + -6 + -2 + -1 + 1.
-1
Calculate -1 + (6 - (5 + -3 + -1)).
4
What is the value of (0 - (4 + -8)) + 1 + -9?
-4
What is 9 + -14 + 9 - 12?
-8
-2 + (6 - (1 - -2)) + -5
-4
(-1 - -1) + 2 + -8 - -2
-4
What is -181 + 192 + (-1 - 5)?
5
What is the value of -1 + 4 - (1 + -3)?
5
Calculate -4 + (12 - 4) - -3.
7
What is (8 - 4) + (-5 - -5) + -1?
3
What is (1 - -3 - 6) + 4?
2
Evaluate -11 + 20 - (2 - (3 - 9)).
1
5 - (4 - (2 - (-1 + -1)))
5
Evaluate 3 + 0 - -5 - 3 - -3.
8
Evaluate 3 - (6 - (-10 + 11)).
-2
Evaluate (-7 - 0) + (7 - (-8 - -12)).
-4
Evaluate -4 - (-4 - (4 + 0)).
4
Evaluate (-1 - -2) + (2 - 7).
-4
Calculate -4 + 1 + -2 + 8.
3
Evaluate -7 + 11 + -15 + 7.
-4
What is the value of -5 - (3 + -6 + 2 + -1)?
-3
What is the value of 0 + -1 + -4 - 0?
-5
What is the value of -1 + 3 - (8 - 10 - -7)?
-3
(26 - 31) + (5 - 2)
-2
-4 + (11 - ((4 - 2) + 0))
5
What is the value of (0 - 4) + 4 - -1?
1
What is the value of (-1 - 0) + (77 - 79)?
-3
What is the value of -2 - ((-1 - 6) + 2)?
3
What is the value of 13 - (18 + (-9 - -1))?
3
What is -5 - 0 - (7 + -9)?
-3
What is the value of -3 + (7 - 7) + -4?
-7
11 - (7 - -1 - -9)
-6
Calculate 5 - 14 - (1 - 6).
-4
What is the value of (-13 - -12 - -9) + -18?
-10
Evaluate 9 + -19 + (7 - -5).
2
Calculate 7 + -2 - (-8 + 9 + -1).
5
(0 - -2 - -1) + (0 - -1)
4
What is the value of 2 + (-3 - -2) + 2 - 3?
0
What is the value of -19 + 21 - (4 + (-2 - 0))?
0
9 + 2 - (2 + 16)
-7
Evaluate 9 + -13 + (4 - 2) + 0.
-2
Evaluate -3 + (0 - -7) - 2.
2
Evaluate 5 + (2 - -1) + -6.
2
What is 3 - ((-1 - 0) + 1)?
3
What is the value of 2 - (2 - -2) - (3 - 2)?
-3
9 + -2 + -2 - 5
0
What is -5 - (-2 + (-2 - 5))?
4
10 - (-1 + 4) - 14
-7
What is (3 - -3) + -9 + 7?
4
What is -2 + 0 - (9 + -8)?
-3
Evaluate -4 + 0 + (2 - -4).
2
Calculate (3 - 14) + (2 - -12).
3
What is the value of 0 - (-3 - (-2 + 4 + -2))?
3
Evaluate -27 - (-22 + -2) - (-1 - -1).
-3
Evaluate -90 - -86 - (-1 - (1 - 0)).
-2
-1 + 5 + -3 - (0 - 2)
3
What is the value of (6 - (5 + -1)) + 2 - 1?
3
Evaluate 1 + 3 - (2 - -2).
0
What is -8 + -2 + 4 + -2?
-8
Calculate 0 - -3 - (11 + (-3 - 2)).
-3
2 - (-5 + 0 + 3)
4
Calculate 0 + (-6 - -3 - -8) - 0.
5
Calculate -7 + 1 + (-8 - -15) - 7.
-6
Evaluate -4 + (3 - (1 - 5)).
3
What is 4 + (4 - 0) + -5?
3
Evaluate -3 + -1 + -2 + 4.
-2
What is the value of (1 - -1) + (-48 - -40)?
-6
9 + 1 + 6 + -11
5
What is the value of 7 - 3 - (-2 - -3)?
3
What is 5 - ((-7 - -6 - -3) + 0)?
3
-8 + (5 - -2 - -1)
0
Calculate 3 - (3 + 5 + -5).
0
Evaluate 0 - (7 + -13) - (6 + -1).
1
Calculate (1 - 5) + -7 + -2 + 20.
7
Evaluate 11 + (6 - 13) + -6.
-2
What is 1 + -1 + 18 + -6 + -9?
3
7 + 11 - 9 - 12
-3
What is (8 + -11 - -1) + 5?
3
Calculate -1 + -5 + 2 + 6 + -5.
-3
Evaluate 0 + 0 + (-1 - -4).
3
What is the value of -1 + 4 + -5 + 3?
1
(-2 - -5) + (1 - 6)
-2
-4 + (0 + 3 - 0 - -1)
0
What is the value of -2 - (-1 - (14 + -4))?
9
Calculate 0 - (-11 + 6) - 7.
-2
What is the value of 0 - -1 - (3 + -4 - -6)?
-4
Calculate -6 + 7 + 9 + -6.
4
What is the value of -3 - (-8 + -1 + 4)?
2
What is the value of (5 + 5 - 2) + -4?
4
Calculate (-1 - (15 + -12)) + 6.
2
Evaluate 0 + 5 - (6 - (1 + -1)).
-1
Calculate -6 - (1 + -3) - (1 + -1).
-4
Evaluate -1 - -1 - (9 + -6).
-3
What is the value of (-10 - 2) + (3 - (6 - 9))?
-6
2 + -5 + 6 - 7
-4
What is (-2 - 1) + 2 + 0 + 0?
-1
Calculate (3 + 2 - 3) + -4.
-2
Calculate (0 - (1 - -1)) + (31 - 29).
0
What is the value of -1 + (-1 - 4) + 0 - -4?
-2
What is the value of -2 + -1 - (-2 + 0) - -1?
0
Calculate (1 - 1) + (-11 - -6) + 7.
2
(4 + -5 - 1) + -2
-4
What is (-47 - -48) + -4 + 0?
-3
What is -1 - -3 - (-14 + 17)?
-1
1 - (-1 - -2) - 5
-5
15 - 9 - (-3 - -7)
2
What is 1 - (-1 - (-1 - -1)) - -2?
4
What is 4 - ((9 - 14) + 10)?
-1
Evaluate -5 + 4 + 1 + 4.
4
-12 - (-33 - -11 - -14)
-4
Calculate -6 + 7 + -4 + -2.
-5
What is the value of 16 + 0 - (-52 - -60)?
8
What is 10 - (-11 - -20 - 0)?
1
Evaluate (12 - 3) + (4 - (10 + -2)).
5
Calculate -1 - -4 - (4 + -7 - -2).
4
What is the value of (2 - (3 - 1)) + 1?
1
Evaluate -1 - (1 - 0 - (8 - 3)).
3
Calculate (2 - (4 + 5 + -1)) + 1.
-5
What is (3 - 2) + (5 - -1) + -4?
3
Calculate (-1 - 7) + 3 + 4 + -3.
-4
What is the value of 5 - (8 + (3 - 6)) - 6?
-6
Evaluate -5 - -3 - (7 - 3 - 2).
-4
1 + (-4 - 2) - (-2 - 1)
-2
What is the value of -6 + 4 - 1 - -4?
1
What is the value of -5 - (2 + -5) - -5?
3
Evaluate (16 + -12 - (2 + 0)) + 3.
5
Wha